{"id":2548,"date":"2026-04-21T14:54:29","date_gmt":"2026-04-21T12:54:29","guid":{"rendered":"https:\/\/wordpress.p700240.webspaceconfig.de\/fondation-des-telepheriques\/"},"modified":"2026-04-21T14:54:29","modified_gmt":"2026-04-21T12:54:29","slug":"fondation-des-telepheriques","status":"publish","type":"page","link":"https:\/\/www.region-wasserfallen.ch\/fr\/fondation-des-telepheriques\/","title":{"rendered":"Fondation des t\u00e9l\u00e9ph\u00e9riques"},"content":{"rendered":"","protected":false},"excerpt":{"rendered":"","protected":false},"author":3,"featured_media":0,"parent":0,"menu_order":0,"comment_status":"closed","ping_status":"closed","template":"","meta":{"_acf_changed":false,"footnotes":""},"class_list":["post-2548","page","type-page","status-publish","hentry"],"acf":[],"_links":{"self":[{"href":"https:\/\/www.region-wasserfallen.ch\/fr\/wp-json\/wp\/v2\/pages\/2548","targetHints":{"allow":["GET"]}}],"collection":[{"href":"https:\/\/www.region-wasserfallen.ch\/fr\/wp-json\/wp\/v2\/pages"}],"about":[{"href":"https:\/\/www.region-wasserfallen.ch\/fr\/wp-json\/wp\/v2\/types\/page"}],"author":[{"embeddable":true,"href":"https:\/\/www.region-wasserfallen.ch\/fr\/wp-json\/wp\/v2\/users\/3"}],"replies":[{"embeddable":true,"href":"https:\/\/www.region-wasserfallen.ch\/fr\/wp-json\/wp\/v2\/comments?post=2548"}],"version-history":[{"count":0,"href":"https:\/\/www.region-wasserfallen.ch\/fr\/wp-json\/wp\/v2\/pages\/2548\/revisions"}],"wp:attachment":[{"href":"https:\/\/www.region-wasserfallen.ch\/fr\/wp-json\/wp\/v2\/media?parent=2548"}],"curies":[{"name":"wp","href":"https:\/\/api.w.org\/{rel}","templated":true}]}}

Fondation des téléphériques
