{"id":2772,"date":"2026-07-23T20:03:57","date_gmt":"2026-07-23T18:03:57","guid":{"rendered":"https:\/\/wordpress.p700240.webspaceconfig.de\/aktuell\/events\/2e-edition-de-la-journee-du-trail-a-wasserfallen\/"},"modified":"2026-07-23T20:03:57","modified_gmt":"2026-07-23T18:03:57","slug":"2e-edition-de-la-journee-du-trail-a-wasserfallen","status":"publish","type":"event","link":"https:\/\/www.region-wasserfallen.ch\/fr\/aktuell\/events\/2e-edition-de-la-journee-du-trail-a-wasserfallen\/","title":{"rendered":"2e \u00e9dition de la Journ\u00e9e du trail \u00e0 Wasserfallen"},"excerpt":{"rendered":"","protected":false},"featured_media":2467,"template":"","meta":{"_acf_changed":false},"class_list":["post-2772","event","type-event","status-publish","has-post-thumbnail","hentry"],"acf":[],"_links":{"self":[{"href":"https:\/\/www.region-wasserfallen.ch\/fr\/wp-json\/wp\/v2\/event\/2772","targetHints":{"allow":["GET"]}}],"collection":[{"href":"https:\/\/www.region-wasserfallen.ch\/fr\/wp-json\/wp\/v2\/event"}],"about":[{"href":"https:\/\/www.region-wasserfallen.ch\/fr\/wp-json\/wp\/v2\/types\/event"}],"version-history":[{"count":0,"href":"https:\/\/www.region-wasserfallen.ch\/fr\/wp-json\/wp\/v2\/event\/2772\/revisions"}],"wp:featuredmedia":[{"embeddable":true,"href":"https:\/\/www.region-wasserfallen.ch\/fr\/wp-json\/wp\/v2\/media\/2467"}],"wp:attachment":[{"href":"https:\/\/www.region-wasserfallen.ch\/fr\/wp-json\/wp\/v2\/media?parent=2772"}],"curies":[{"name":"wp","href":"https:\/\/api.w.org\/{rel}","templated":true}]}}

2e édition de la Journée du trail à Wasserfallen
