{"id":2753,"date":"2026-08-20T14:35:06","date_gmt":"2026-08-20T12:35:06","guid":{"rendered":"https:\/\/wordpress.p700240.webspaceconfig.de\/aktuell\/events\/buffet-de-gibier-en-automne-un-regal-a-volonte\/"},"modified":"2026-08-20T14:35:06","modified_gmt":"2026-08-20T12:35:06","slug":"buffet-de-gibier-en-automne-un-regal-a-volonte","status":"publish","type":"event","link":"https:\/\/www.region-wasserfallen.ch\/fr\/aktuell\/events\/buffet-de-gibier-en-automne-un-regal-a-volonte\/","title":{"rendered":"Buffet de gibier en automne \u2013 Un r\u00e9gal \u00e0 volont\u00e9"},"excerpt":{"rendered":"","protected":false},"featured_media":2754,"template":"","meta":{"_acf_changed":false},"class_list":["post-2753","event","type-event","status-publish","has-post-thumbnail","hentry"],"acf":[],"_links":{"self":[{"href":"https:\/\/www.region-wasserfallen.ch\/fr\/wp-json\/wp\/v2\/event\/2753","targetHints":{"allow":["GET"]}}],"collection":[{"href":"https:\/\/www.region-wasserfallen.ch\/fr\/wp-json\/wp\/v2\/event"}],"about":[{"href":"https:\/\/www.region-wasserfallen.ch\/fr\/wp-json\/wp\/v2\/types\/event"}],"version-history":[{"count":0,"href":"https:\/\/www.region-wasserfallen.ch\/fr\/wp-json\/wp\/v2\/event\/2753\/revisions"}],"wp:featuredmedia":[{"embeddable":true,"href":"https:\/\/www.region-wasserfallen.ch\/fr\/wp-json\/wp\/v2\/media\/2754"}],"wp:attachment":[{"href":"https:\/\/www.region-wasserfallen.ch\/fr\/wp-json\/wp\/v2\/media?parent=2753"}],"curies":[{"name":"wp","href":"https:\/\/api.w.org\/{rel}","templated":true}]}}

Buffet de gibier en automne – Un régal à volonté
